et r = 4 + 1. Suppose 2*f - 27 = r*w, f - 46 + 0 = -4*w. What is the tens digit of f?
2
Suppose -5*h + 0*h - 175 = 0. Let z = -53 + 103. Let n = h + z. What is the units digit of n?
5
Let b(a) = -a**3 - 10*a**2 - 10*a + 2. Let r be (2 - (3 + -10))/(-1). What is the tens digit of b(r)?
1
Let h = 7 - 3. Let d(x) be the third derivative of -x**5/60 + x**4/3 - 2*x**3/3 + 7*x**2. What is the tens digit of d(h)?
1
Suppose -l + 42 = 8*i - 5*i, 2*i - 32 = -2*l. Let w = i - -17. Suppose 6*y - w = 3*y. What is the units digit of y?
0
Let w be 6/(-18) + (-2)/(-6). Suppose -x = w, 2*k - x - 140 = -2*k. What is the tens digit of k?
3
Let m = -13 + 9. Let f = m + 13. Let h = -6 + f. What is the units digit of h?
3
Let s(h) = h**3 - 12*h**2 + 8*h - 10. What is the tens digit of s(12)?
8
Suppose -3*g - 8 = -20. Suppose 7*b = g*b + 9. Let j = 10 - b. What is the units digit of j?
7
Let u = 55 + -1. What is the units digit of u?
4
Let q(j) = -4*j - 15. Let b be q(-6). Let c = -1 - 2. Let f = c + b. What is the units digit of f?
6
Suppose 4*l + 25 = -b, -2*l - 2*l - 3*b = 19. Let i(v) = v**2 - 6 - 3*v**2 - 8*v + v**2. What is the units digit of i(l)?
1
Let w = 102 + -56. Suppose -4*r = -2*l - w, 2*r - 14 + 0 = -2*l. What is the tens digit of 176/r + 8/20?
1
Suppose 0 = f, 2*n - 1 - 11 = -5*f. Suppose n*t - t + 285 = 0. What is the units digit of 2/7 + t/(-21)?
3
Let z(f) = f**2 + 2*f - 7. Suppose -35 = -a + 6*a. What is the units digit of z(a)?
8
Let y(h) = 11*h - 44. What is the units digit of y(16)?
2
Let s = -20 + 100. What is the tens digit of s?
8
Let o be (-6)/(-10) - 132/20. Let v be o/24 + (-23)/4. Let z(m) = -m**2 - 6*m + 6. What is the units digit of z(v)?
6
Suppose -5*t + 68 = -32. Suppose -t = -4*a + 40. What is the tens digit of a?
1
Suppose 4*w - 3*u - 12 = 5, w = -3*u - 7. Suppose 90 = 5*a + 2*v, 2*v + 0*v - 36 = -w*a. Suppose -4*q + a = 3*l - l, 3*q = 0. What is the units digit of l?
9
Suppose h - 4*j = 159, -3*j = -4*h + 2*j + 603. What is the units digit of h?
7
Suppose 315 = 2*p + 5*m, 3*p + 149 - 624 = -5*m. What is the units digit of p?
0
Suppose -2*q + 21 + 37 = 0. What is the units digit of q?
9
Let o(s) = 4*s**2 - 7*s + 7. What is the tens digit of o(4)?
4
Let h(w) = 3*w - 1. Suppose -4 = -3*n - 5*x + 3*x, 6 = 5*n + 4*x. Suppose -v = -3*v + n. What is the units digit of h(v)?
2
Suppose -32 = -4*y + 4*t, -5*y + 2*t = 7*t - 10. Suppose y*r + w = -0*w - 24, 3*w = r - 8. Let o(k) = -k**2 - 6*k - 1. What is the units digit of o(r)?
7
Let g be ((-6)/(-15))/(2/90). Suppose 0 = 4*f - 2*s - g, 3*f - 4*f - s = 0. What is the units digit of f?
3
Suppose -5*s + 215 = -145. Let h = -44 + s. What is the units digit of h?
8
Suppose -y = 2*t - 47, -4*y - 5*t + 173 + 12 = 0. What is the units digit of y?
5
Let s(m) = m + 10. Let j be s(-8). Suppose -2*t - 5*q = -13, 2*q + j = t - 0*q. Suppose -u = -t, 5*l + 2*u = 3*u + 81. What is the tens digit of l?
1
Suppose 0*i + i + 5*b + 1 = 0, -5*i + 43 = b. Let f = 5 + i. What is the units digit of f?
4
Let b = -3 - 6. Suppose 29 - 15 = -2*x. Let m = x - b. What is the units digit of m?
2
Let t(v) = -4*v**3 + 8*v**2 + 3*v - 11. What is the tens digit of t(-4)?
6
Let q = 6 - 3. Let j(u) = q*u**2 + 10*u + 12 - u - 2*u**2. What is the units digit of j(-8)?
4
Suppose 274 = 4*q + 62. What is the tens digit of q?
5
Let t(s) = -s**2 + s + 1. Let b(a) = -4*a**2 - 2*a - 12. Let z(m) = -b(m) + 3*t(m). What is the tens digit of z(-7)?
2
Suppose 75 = j - 2. What is the units digit of j?
7
Let u(f) = 9*f**2 + f**3 - 2*f + 0*f + 3 - 10*f**2. Let v be u(2). Suppose -16 = -b + v*w, 5*w = -0*w + 5. What is the units digit of b?
9
Let o be 5/2 + (-8)/(-16). Suppose -95 = -4*v + 5*y, o*y + 69 = -0*v + 3*v. What is the units digit of v?
0
Let j(t) = -7*t**2 + 11*t. Let f(k) = -1 + 5*k**2 - 4*k + 4*k - 6*k**2. Let c(a) = -6*f(a) + j(a). What is the units digit of c(11)?
6
Let x = 1 - 3. What is the units digit of (2 - 0) + (0 - x)?
4
Let g(m) be the second derivative of m**4/12 - 2*m**3/3 - m**2 - m. Let r = 5 + 0. What is the units digit of g(r)?
3
Let b be 1 + 1 - (1 + -2). What is the units digit of (5/b - 2)*-69?
3
Let g = 43 - 34. Suppose f + 1 = -p, 0*f + 1 = 3*f + 4*p. Let l = g + f. What is the units digit of l?
4
Let i = -36 + 54. Let r be 1/(-2) - i/4. Let t = r + 12. What is the units digit of t?
7
Let b(m) = -m**3 + m + 8. Let p be b(0). Let t = p + 16. What is the units digit of t?
4
Let k(r) = r**2 - 7*r - 1. Suppose -3*d + 0 + 9 = 0. Let o be (-1 - d/(-15))*-10. What is the units digit of k(o)?
7
Let j(v) = 2*v**2 - v - 3. Let y be j(5). Suppose y = -c + 3*c. What is the tens digit of c?
2
Let y be ((-8)/(-6))/((-3)/(-9)). Suppose y*z + 54 = 3*f + 3, -3*z = 9. What is the tens digit of f?
1
Let f be 3/(-15) + 11/5. Suppose 5*y - t = -2*t + 113, y = f*t + 27. Let l = -8 + y. What is the tens digit of l?
1
Suppose -3*g + 9 = 0, 3*w + 3*g - 54 = -0*w. What is the units digit of w?
5
Suppose f = -2*f - 6. What is the units digit of 1*(9 + f/1)?
7
Suppose -k + 386 = k - 2*j, 3*j = 4*k - 767. What is the tens digit of k?
8
Let v be (2/(-6))/(1/3). Let m(p) = -5*p**3 + p**2 - p. Let w be m(1). What is the units digit of (v - w)/(1/2)?
8
Let s = -2 + 6. Suppose -4*p + 25 = -s*k + 9, -4 = 2*p + 2*k. What is the units digit of p?
1
Let s(n) = n + 6*n - 2*n - 8. What is the tens digit of s(7)?
2
Let h be (-266)/12 - (-3)/18. What is the units digit of h/(-8)*(20 - 16)?
1
Let l(a) = -2*a**3 + 6*a**2 - 4*a + 1. Let b(c) = c**3 - 5*c**2 + 3*c - 1. Let g(t) = 3*b(t) + 2*l(t). What is the tens digit of g(-4)?
1
Suppose -3*d + 4 = -b, -3*d - 4 = -5*b - 24. Suppose 5*h + 0*h - 30 = d. Suppose 0*c = -2*c + h. What is the units digit of c?
3
Let k = 159 - 92. What is the units digit of k?
7
Let n = 3 - 1. Suppose n*v + 14 = v. What is the units digit of (-4)/v + (-120)/(-21)?
6
Suppose -3*y + 18 + 11 = g, 3*y + 4*g = 17. What is the units digit of (y/11)/(2/18)?
9
Let x(b) = b**2 - 5*b + 7. What is the tens digit of x(-7)?
9
Let h(u) = 5*u**2 + 5*u - 3. What is the tens digit of h(-3)?
2
Let o be 2*1*39/26. What is the units digit of 22/4*6/o?
1
Suppose -o = -b - 2 - 5, 21 = 2*o + 5*b. Let f = -4 + o. Let d = f + 6. What is the units digit of d?
0
Suppose 101 = 2*m + 25. Let s = -5 + m. What is the units digit of s?
3
Let n(c) = 30*c**2 - 6. What is the units digit of n(2)?
4
Let s(k) = -k**2 + 14*k + 15. Let w(n) = -n**3 - 14*n**2 + 14*n - 4. Let a be w(-15). What is the units digit of s(a)?
8
Let r(i) = i**3 - 3*i**2 - 3*i. What is the units digit of r(4)?
4
Suppose -3*y + u + 2 = -2, -4*y - 5*u - 20 = 0. Let q be -4 + 4 + (0 - y). Let j = 6 - q. What is the units digit of j?
6
Suppose -3*m - 43 = -5*r + 128, 3*m + 99 = 3*r. What is the tens digit of r?
3
Suppose -20 = -5*g + 15. Let t = -2 + g. Suppose r = -5*u + 3*r + 50, -49 = -2*u - t*r. What is the tens digit of u?
1
Let h(o) = -o**3 - o**2 - o + 55. What is the tens digit of h(0)?
5
Let w(l) = l - 1. Let i be w(4). Let o(g) = -g**3 - 9*g**2 - 7*g + 8. Let p be o(-8). Suppose -m = -p - i. What is the units digit of m?
3
Let s(n) be the first derivative of -n**4/4 - 4*n**3/3 + 5*n**2/2 + 4*n + 1. Let w be s(-5). Suppose 0*g + 36 = w*g. What is the units digit of g?
9
Let l(r) = 68*r**3 - r**2 + 2*r - 2. What is the units digit of l(1)?
7
Suppose 0 = -5*o + 2*h + 40, -4*o + 0*o + 2*h = -30. What is the tens digit of o?
1
Suppose 0 = -0*o - 3*o - x + 103, 3*o = 2*x + 91. What is the tens digit of o?
3
Let f be -6*((-20)/8 - -2). What is the tens digit of (-1)/(f*(-1)/69)?
2
Let b(p) be the second derivative of -p**4/12 + 7*p**3/6 + p**2 - 2*p. Let s be b(5). Suppose -2*n + 4 = -a + 2*a, -5*a = 2*n - s. What is the units digit of a?
2
Let w be ((-2)/(-3))/((-3)/9). Let v be -1 - (1 + 0)*w. Let p(l) = 9*l + 1. What is the tens digit of p(v)?
1
Suppose 15 = 7*u - 2*u. Let q(j) = 1 - j - 9*j**u + 2*j + j. What is the units digit of q(-1)?
8
Let b(z) = -z**2 + 15*z + 4. Let r = 1 - -13. What is the units digit of b(r)?
8
Let z(x) = -7 + 0*x + 2*x - 3*x. What is the units digit of z(-8)?
1
Let q be 1/(6/5 - 1). Suppose 39 = q*r - 2*r. What is the tens digit of r?
1
Let n(p) = -13*p + 37. What is the tens digit of n(-8)?
4
Let n be (-60)/(-33) - 4/(-22). What is the units digit of n/4 + 